+ 1 + 1. Let i(k) = -k**3 - 10*k**2 - 10*k - 13. Let w be i(p). Let a = w + 20. What is the units digit of a?
6
Suppose -3*p + 132 = 4*x - 119, -3*x + 4*p = -157. What is the tens digit of x?
5
Suppose 5*x + 39 - 519 = 0. What is the units digit of x?
6
Let k(j) = -j**2 - 11*j + 14. Let w = 0 + 3. Let p(g) = g**3 - 3*g**2 - 3*g - 2. Let h be p(w). What is the units digit of k(h)?
4
Let w(k) = 3*k**2 + 7*k + 6. What is the tens digit of w(-6)?
7
Let l(a) = -a**3 - 3*a**2 - 6*a - 2. Let f be l(-4). Suppose f - 2 = 4*t. What is the units digit of t?
9
Let n = -266 - -408. What is the units digit of n?
2
Let p(c) = c**2 + 7*c. Let t be (1 + -3)*55/(-10). Let i = -19 + t. What is the units digit of p(i)?
8
Let h(w) = 8*w**3 + 2*w - 1. What is the units digit of h(1)?
9
Suppose 3*p = -5*i + 3*i + 302, p - 4*i - 124 = 0. What is the hundreds digit of p?
1
Let f(y) = -y + 7. Let c(u) = -3*u + 13. Let q(k) = -4*c(k) + 7*f(k). Let m be q(3). Let s = -2 + m. What is the tens digit of s?
1
Suppose k = -4*q - 5, 3*k + 6*q + 47 = 2*q. Let z = k - -29. What is the units digit of z?
8
Let g = 6 - 4. Suppose 5*c = -2*n - 3, -c + g*n + 2 = 5*n. Let k = c - -3. What is the units digit of k?
2
Let l = -86 - -129. What is the tens digit of l?
4
Suppose 98 = 2*l + t, -4*t + 2*t = 2*l - 94. What is the tens digit of l?
5
Let h = 7 + 7. Suppose 3*s + 13 = -h. Let q = 22 + s. What is the units digit of q?
3
Let c(j) = -2*j - 16. Let x be c(-11). Suppose 3*r + x = -0. What is the units digit of (-2)/(2/8*r)?
4
Let f = 5 + -14. Suppose 43 = -5*b - 22. Let t = f - b. What is the units digit of t?
4
Let m(k) = -3*k + 3 + 0 - 4. Let v be m(3). Let a = -5 - v. What is the units digit of a?
5
Suppose h + h - 4 = 0. Let f = h + 2. What is the units digit of f?
4
Suppose 0 = -4*b + 11*b - 623. What is the tens digit of b?
8
What is the tens digit of 1392/18 - (-1)/(-3)?
7
Suppose 36*n - 29*n = 322. What is the tens digit of n?
4
What is the tens digit of ((-9)/4 - -3)*-4 + 23?
2
Let z be (1 - -6) + 1*-3. Suppose -250 = -z*l - 74. What is the units digit of l?
4
Let u(p) = -p**2 - 9*p - 5. Let z be u(-6). Let d = 8 - z. What is the units digit of d*9/30*-2?
3
Suppose -3*t + j - 117 = 0, t = -j - 55 + 20. Let i = -26 - t. What is the units digit of i?
2
Let a(c) = -6*c + 5 - 4 - 1 + 4. What is the units digit of a(-6)?
0
Suppose p - 3*p = 0. Let i be 9/(3 - p) + -9. What is the units digit of 6/8 + i/(-24)?
1
Suppose 0*o = 2*o - 2*u + 86, 3 = -u. Let x = o + 74. What is the units digit of x?
8
Suppose 0 = -3*c + 3*z + 5 + 7, -5*z + 25 = 4*c. Let s = c + 6. What is the units digit of s?
1
Let o(i) = 3*i**2 - 4*i + 3. Suppose 2*m - 6 = 3*m. Let f be (-4)/m + 8/6. What is the units digit of o(f)?
7
Let c be (7 - -1)/(10 - 8). Suppose -f - 5*n - 12 + 36 = 0, 0 = c*f + 5*n - 66. What is the units digit of f?
4
Let a(u) = u**3 + 24*u**2 - 59*u + 5. What is the units digit of a(-26)?
7
Let z = 60 + 12. What is the units digit of z?
2
Let m be 1 + 1 + 5 + -5. Suppose 2*q - 6*a = -a + 31, 0 = -4*q - 2*a + m. What is the units digit of 18/8 + q/(-12)?
2
What is the units digit of (-2)/(69/24 + -3)?
6
Suppose 3*k + 7 = 5*r, 0 = -3*k + 5*k - 2*r + 6. What is the units digit of (1/3)/(k/(-48))?
4
Let f = -88 - -239. What is the units digit of f?
1
What is the units digit of (-2)/(-4)*(-21)/6*-60?
5
Suppose -11*f - 125 = -16*f. What is the tens digit of f?
2
Let s = 5 - 1. Let p = s + -8. Let y(o) = -3*o + 4. What is the units digit of y(p)?
6
Let v = 1 + -12. Let b(a) = -3*a**3 - 7*a**2 - 2*a - 3. Let t(o) = -16*o**3 - 36*o**2 - 9*o - 16. Let d(f) = v*b(f) + 2*t(f). What is the units digit of d(-3)?
7
Let k = 8 + -5. What is the units digit of 1/k*42/7?
2
Suppose -2*h - 3*h = -2*i - 94, i = -2*h + 34. What is the tens digit of h?
1
Suppose -11 = -3*c - 7*x + 3*x, 2*c + 3*x - 7 = 0. Suppose 61 = c*l - 14. What is the tens digit of l?
1
Suppose -3*v + 16 = v. Suppose 21 = 4*y + 3*o, -6*y - v*o + 21 = -3*y. Let b = y + -1. What is the units digit of b?
2
Suppose 4*o = -6*s + 3*s + 183, s = -5*o + 50. What is the units digit of s?
5
Let p(j) = -7*j - 3. Let s(l) = 4*l + 1. Let b(n) = 3*p(n) + 5*s(n). Let d be b(0). Let v(t) = t**3 + 6*t**2 + 5*t + 2. What is the units digit of v(d)?
4
Suppose 0 = 14*t - 10*t - 156. What is the units digit of t?
9
Let u(g) = -g - 2. Let j be u(-2). What is the units digit of -2 + (2 - j) - -23?
3
Let f = -110 - -196. Let v = 124 - f. What is the units digit of v?
8
Suppose 0 = -p + 4*p - 105. What is the units digit of p?
5
What is the tens digit of ((-8)/(-2))/((-4)/(-48))?
4
Suppose 5*c = -5*t + 215, -2*t + 132 = t + 2*c. What is the units digit of t?
6
Suppose -4*m + 3*o + 26 = -4, -2*m = 2*o - 8. Let y = -2 - -3. Let p = y + m. What is the units digit of p?
7
Suppose 0 = -5*u, 0 = 2*h + h - 2*u - 1194. What is the hundreds digit of h?
3
Suppose -191 = -4*f - 3*d, -108 = -2*f - 2*d - 2*d. Let x = f - 23. What is the units digit of 49/x + (-2)/6?
2
Let z(q) = 9*q - 6. What is the units digit of z(2)?
2
Suppose 0 = 2*x - 2 + 14. Suppose -4*b - 3*d = b - 30, -d = 4*b - 31. Let l = x + b. What is the units digit of l?
3
Let n = 13 - 21. Let i = n - -4. What is the units digit of ((-18)/i)/((-3)/(-4))?
6
Suppose 3*b - 4*b + 6 = 0. Suppose 7*v = b*v + 7. What is the units digit of v?
7
Let o = 7 - 11. Let k = 3 - o. What is the units digit of 6/42 - (-6)/k?
1
Suppose -2*t + 10 = -0*t. What is the units digit of t?
5
What is the units digit of -4 - 249/3*-1?
9
Suppose 0 = 10*t - 15*t + 635. What is the units digit of t?
7
Let i(q) = -1. Let w(o) = o**3 + 6*o**2 - 8*o - 3. Let h(k) = -5*i(k) - w(k). Let z = -4 - 3. What is the units digit of h(z)?
1
Let r(f) = -5*f**3 - 2*f**2 + f + 1. What is the units digit of r(-2)?
1
Suppose 19 = 3*k + 7. Suppose -5*l + 5*f = -30, 3*l = -f + 18 + k. What is the units digit of l?
7
Suppose 4 + 21 = 5*p. Suppose 0 = -p*c + 2*c + 69. What is the tens digit of c?
2
Let k be -1*(-2 - 4) - 1. Suppose 0*c = -4*c - 3*t + 18, 0 = -t + 2. Suppose 0 = -s + c*p + 4, -2*s - 23 = -k*s - 2*p. What is the units digit of s?
7
Let f(d) be the first derivative of -d**2/2 - 3*d - 2. What is the units digit of f(-5)?
2
Let a(k) = k**2 + 5*k + 6. Let g be a(-6). Let j = 33 - g. Suppose -4 - j = -5*f. What is the units digit of f?
5
Let r = 10 + -9. Suppose r = -w - 3*f - 5, 0 = -4*w + f + 15. What is the units digit of 2/(-6) + 10/w?
3
Suppose -116 = -3*a + 2*a - 3*k, -3*a - 5*k + 336 = 0. What is the units digit of a?
7
Suppose -24 = -5*w - m, -4*m + 11 = -w - 1. Let o = 0 + -10. What is the units digit of (-145)/o + (-2)/w?
4
Let g(q) = -2*q**3 - 5*q**2 - 8*q - 4. What is the tens digit of g(-3)?
2
Suppose 59 = 3*t - j - 3*j, -2*t = -3*j - 41. Let h = -8 + t. What is the units digit of (9*h)/(-3)*-1?
5
Let d(x) be the first derivative of x**2/2 + x - 1. Suppose -2*r + 16 = 2*r. What is the units digit of d(r)?
5
Suppose 0 = -0*o + 2*o + 2*x - 70, 2*x = 3*o - 110. Suppose -4*t + o = -0*t. What is the units digit of t?
9
Let k(z) = z - 1. Let x be k(-1). What is the units digit of x/(-9) - (-460)/36?
3
Let o be -1 + (-1 - -3 - 7). Let c(j) = -3*j - 6. Let l be c(-4). Let d = l - o. What is the tens digit of d?
1
Let c = 20 + -8. Let a = 25 - c. What is the tens digit of a?
1
Let n(u) = -11*u + 5. What is the tens digit of n(-7)?
8
What is the units digit of (-1251)/(-27) - (-4)/(-3)?
5
Let y(l) = 4*l**2 + 4*l + 2. Let n be y(-2). What is the units digit of (-15)/n*4/(-3)?
2
Suppose 0 = 4*i + 2*o, 3*i - 24 = i + 5*o. Let g = i - 2. Suppose -4*z + 0*z + 4 = g. What is the units digit of z?
1
Let t be 1 - (0 - 3 - 28). Let i be (-8 - t)*2/(-4). Suppose i = 2*q + 3*q. What is the units digit of q?
4
Let b be (10/2 + -1)*1. Suppose 2*i - b*i - 46 = -4*c, 0 = 2*i - 10. What is the units digit of c?
4
Suppose 0 = -c - 1 - 6. What is the units digit of (-30)/4*(c - -5)?
5
Suppose 2 = 2*n - 4*i - 10, 0 = -2*n + i + 6. Suppose -3*r = -n*r - q - 37, -q = -4. What is the tens digit of r?
4
Let l(y) = y**2 + y + 26. Let g be l(0). Let c = -17 + g. What is the units digit of c?
9
Suppose m - 28 - 259 = -3*b, 524 = 2*m - 4*b. What is the hundreds digit of m?
2
Suppose 0 = -3*y + 19 - 4. Let l = 1 - y. What is the units digit of l/14 - (-32)/14?
2
Suppose 27 = -q